8999. Is k composite?
False
Let t = -168 + 76. Let q = t - -541. Is q composite?
False
Is (-5)/50*-6321886 + ((-24)/(-10) - 2) composite?
False
Suppose 4*p + 3*s - 2513 = 956, p = 3*s + 856. Suppose 0 = -3*h - 3*r + 65541, 3*h + 2*r + p - 66410 = 0. Is h a prime number?
True
Let c = 46822 + -34191. Is c composite?
True
Let i be -8 + 3 - -3 - (2 - -288). Let r = 375 - i. Is r a composite number?
True
Suppose 7*x - 6*x - 1180691 = -5*d, 2*d - 472244 = 5*x. Is d a composite number?
True
Suppose -i = -5*z - 37159, 29733 = -4*z - 68*i + 63*i. Let q = z + 18489. Is q a prime number?
True
Suppose 2*b + 54*c = 59*c + 214671, 4*b - 429330 = -2*c. Is b a composite number?
True
Suppose 0 = 3*v - 12, 0 = -5*k - 9*v + 103 + 18. Let l(n) = 11*n + 41 - n**2 - 2*n + 14*n. Is l(k) a prime number?
False
Suppose 31*g = 990 + 281. Suppose -26*i + g*i = 38355. Is i a prime number?
True
Let r(q) = -6*q**3 - 12*q**2 + 3*q + 24. Let t be r(-12). Suppose 0 = -10*g + 14*g - t. Is g a prime number?
False
Is (-9*2017)/(-3)*21/63 prime?
True
Let x(z) = -z**3 + 7*z**2 + 24*z - 175. Let y be x(6). Let b(k) = k**3 + 5*k**2 - 4*k - 3. Let w be b(-6). Is y/(25/w) + 658 prime?
False
Suppose n - r = -1, 2*n + 2*r = -21 + 3. Let h(l) = -230*l**3 - 5*l**2 - 22*l - 6. Is h(n) a prime number?
True
Let q be (-2 + 0 - -23) + 9 + -8. Suppose q = 2*n + 32. Is n/2*(-329 + (5 - 2)) a composite number?
True
Let w(q) = -39*q**3 - 4*q**2 + 42*q - 92. Is w(-15) a prime number?
True
Let f(c) = -24663*c - 5647. Is f(-54) a prime number?
False
Let o(z) = -93*z**2 + 12*z + 2. Let b be o(-3). Is (-108)/(-162) + b/(-3) prime?
False
Let b be -1*(1*-4 + (-4 - -7)). Is (-2)/((2 - 4319/1439) + b) prime?
True
Let m = -132 + 136. Suppose -2*y = -10, m*y - 93672 = -0*n - 4*n. Is n a composite number?
True
Let f be 22*(-1 + 15/(-6)) - 0. Let r = 81 + f. Suppose -r*y + 3*z = -391, -5*z - 312 = -5*y + 178. Is y prime?
True
Suppose 3443230 = 22*m + 19436. Is m composite?
False
Let d(w) = w + 12. Let u be d(-6). Let y be (-10)/1*u/(-12). Suppose -2770 = -y*i + 4785. Is i composite?
False
Is 10741968/96*(-1 + 5/3) prime?
True
Let r = -11 - -15. Suppose 0 = -2*m - 0 + r, -3*j + 6911 = -5*m. Is j a composite number?
True
Let i be (57/(-95))/((-3)/10). Is (3 - (i - 1))*500412/264 a prime number?
False
Suppose 4*h - 102 = 2*t, t + 150 = 5*h + 3*t. Let j be 1/4 + 61201/h. Suppose 10*i - 884 = j. Is i a composite number?
False
Suppose 11*k - 9*k = 8. Let h be 258303/39 + k/(-26). Suppose 0 = 4*g + u - h, -4*g + 5*u + 8260 = g. Is g composite?
True
Let b be (-288)/3*(-2)/4. Let l = 50 - b. Suppose l*f - 4864 = -1170. Is f composite?
False
Suppose 0 = -5*o - 20, -4*o - 118 = 4*d + 26. Let k(x) = 2*x**2 - 60*x - 69. Is k(d) a prime number?
False
Suppose 0 = -s - 3*l + 1016180, 4064832 = 1172*s - 1168*s - 4*l. Is s prime?
True
Let o(l) = 3*l + 58. Let c be o(-18). Suppose c*r = -10*r + 26446. Is r prime?
True
Let d be ((-162)/72)/((-2)/15104). Suppose 4*z = z - 5*p + 16982, 0 = -3*z - 3*p + d. Is z prime?
True
Let a(t) = -t**3 - t + 916. Let p be a(0). Suppose -3*b + 1462 = b - 2*n, -n = b - 358. Let l = p - b. Is l a prime number?
False
Let u(v) = 2*v + 6. Suppose -7*c - 22 = 4*c. Let n be u(c). Suppose n*z = -4, -5*f + z = 2*z - 6783. Is f composite?
True
Let u = 108073 - 56472. Is u composite?
True
Let c = 2774 + -1629. Let g = 1 - 1. Suppose 0 = -r + 2*b + c, g = -5*r - 0*b - 3*b + 5764. Is r a composite number?
False
Suppose 0 = 143*h - 25*h - 117891734 - 29523660. Is h a prime number?
False
Let q = -236 - -268. Suppose 3*m = f - 2411, -30*f + q*f - 2*m = 4806. Is f a prime number?
True
Is 549352 - 2 - 1029/(-147) composite?
True
Let v(s) = 37*s**2 + 3*s + 4. Let m(r) = 5*r**2 + 3*r - 1. Let c be m(2). Suppose 5*z + c = -5*b, 5*b + 2 = z - 11. Is v(z) a prime number?
False
Suppose 0 = -2*p - p + 30. Let m = -1651 - -1832. Let t = m + p. Is t a composite number?
False
Let t be (-12)/15 + 58/10 + -1. Suppose t*x + 2*n = 30, -9 = -0*x - 4*x + 5*n. Suppose o + 1867 = 4*z, -7*z + x*z - 5*o + 451 = 0. Is z prime?
False
Let f be (-12 + 14055)*6/9. Let l = 13875 - f. Is l a prime number?
True
Let j = -39821 + 205494. Is j composite?
False
Suppose 29597218 - 7245438 = 220*f. Is f a composite number?
False
Let n(k) = -k**2 + 21*k - 17. Let h be n(20). Let j(y) = 4*y**3 - 13 + y**2 - 6*y - 2*y**3 + 3*y**h. Is j(7) a composite number?
False
Let s(c) = -568*c - 13977. Is s(-26) prime?
False
Let p = -829296 + 1425695. Is p prime?
True
Let n(i) = -17 - 629*i**2 + 359*i**2 + 340*i**2. Is n(-5) composite?
False
Let k(b) = 2*b**3 - 14*b**2 - 7*b + 7. Let o(y) = y + 21. Let v(h) = h**3 - 2*h**2 - 8*h + 4. Let z be v(3). Let f be o(z). Is k(f) composite?
True
Suppose -2*b + 376756 = 2*n, 2*b + 3*n - 449899 + 73138 = 0. Is b a composite number?
True
Let p(h) = 19*h**3 + 7*h**2 - 4*h + 85. Is p(12) a composite number?
True
Let x(i) = 2*i**2 - 49. Suppose 5*o - 18 = q, 6*q = 3*q + o + 2. Suppose q*d - 5*s + 101 = -2*d, 4*d = 2*s - 86. Is x(d) a composite number?
False
Let v(s) = -s**2 - 11*s - 23. Let i be v(-6). Suppose 4*f = -i*f + 56089. Is f composite?
False
Let z = -34978 - -201575. Is z prime?
True
Let c(s) be the third derivative of 5*s**4/12 + 7*s**3/2 - 11*s**2 + 4. Is c(5) a composite number?
False
Let r(x) = -x**3 - 6*x**2 - 8*x - 4. Let q be r(-3). Let a = 9 + q. Suppose 0 = k + a, 4*k = 5*l - 1379 - 534. Is l composite?
True
Let j be 4 + 3909/24 - (-7)/56. Suppose -23692 = 163*z - j*z. Is z prime?
True
Suppose 9*w - 6*w - 73 = -5*o, 3*w - 31 = -2*o. Suppose -2*q + o*q - 118236 = 0. Is q prime?
False
Suppose -7*k - 7*x + 9*x + 951416 = 0, 0 = 5*k - 2*x - 679588. Is k prime?
False
Suppose 2*q - 18042 = -r, 4*q - 231*r + 234*r - 36092 = 0. Is q prime?
False
Let x = 70 + -70. Let q be 4*(-1 + x + -190). Is (12/8)/((-2)/q) composite?
True
Let z be (0 - 5/(-30))*-6. Is z*2*4744/(-16) a prime number?
True
Suppose 556074 = 8*i - 24*i + 4067290. Is i a prime number?
True
Suppose 134*s = -27*s + 78228773. Is s prime?
True
Let a be (-1300 + -1)/((-8)/(-24)). Let l = a - -8940. Let c = 7198 - l. Is c prime?
True
Suppose 63*q + 10 = 58*q. Is 3 + (-72)/(175/(-85) - q) a prime number?
False
Let o(q) = 3084 - 36*q**2 - 58 - 4*q + 1175 + 37*q**2. Let g be o(0). Suppose -3*y = -p - g, -y + 4*p = -5*y + 5580. Is y a prime number?
True
Let q(h) = 107*h**2 + 20*h + 92. Let z be q(-8). Suppose -5*s = -z - 2275. Is s prime?
True
Suppose -s + 6*s = -4*g - 183, 171 = -3*g + 3*s. Let b = -56 - g. Is b - (-2*3164/8 - -2) prime?
False
Suppose -s - 6*r = -2*r - 20, -s - 5 = -r. Suppose s = -3*m + 490 - 2848. Let q = m + 1433. Is q a prime number?
True
Let k = 167540 + 37757. Is k composite?
False
Let t(h) = -96*h**3 + h**2 + 2*h + 1. Let k(o) = -7*o + 33. Let b be k(5). Is t(b) a prime number?
True
Is -24441*(8/((-960)/395) - 12/32) prime?
False
Is (32/(-40))/(6/(-45)) + (75693 - 2) a prime number?
False
Let v be (-2)/(-40)*10*8. Suppose -1532 = -4*y + v*z, -5*y + 1903 = -0*y + z. Is y composite?
True
Suppose 18*q = -6*q + 456. Suppose q*b = 2135 + 5066. Is b a prime number?
True
Let m(f) = 10*f**2 - 54*f + 13. Let n = 111 - 135. Is m(n) a composite number?
False
Let b(w) = -w**3 + 60*w**2 + 25*w - 475. Is b(-61) a prime number?
True
Let p(r) = 77*r + 48. Let j be p(4). Suppose 709 = 2*z + g, -5*z + 6*z - j = g. Is z composite?
True
Suppose y + 34319 = 4*z, -4*z - 3*y + 8*y + 34299 = 0. Suppose -3322 = -w + z. Is w a prime number?
True
Let p be -2 - 4*198/(-12). Suppose 1411 = 5*k - p. Is k a prime number?
False
Let r(w) = 2744*w**2 - 120*w - 373. Is r(-3) composite?
False
Let i(r) be the first derivative of -3*r**2/2 + 13*r - 33. Let t be i(3). Is ((-2)/(-8) + (-2253)/t)*-1 a composite number?
False
Let z(c) = 3536*c**2 + 44*c - 205. Is z(8) prime?
True
Let f = -6455 - -11487. Let w = -1737 + f. Is w prime?
False
Suppose -a = -4*j + 183075, -4*a - 40199 = -5*j + 188642. Is j composite?
True
Suppose -87163 = -r - 2*z, -3*r - 86*z + 88*z = -261529. Is r a composite number?
True
Let n(p) = -8*p + 26. Let i be n(-5). Let o = -363 - i. Let l = -98 - o. Is l a prime number?
True
Let r(z) = 14865*z**2 - 140*z + 1019. Is r(8) a prime number?
True
Let d = -1382 - -2739. Let f = 2894 - d. Is f prime?
False
Let s = 1129308 - 422543. Is s a prime number?
False